oes 152 divide 189392?
True
Is 1415752 a multiple of 13?
True
Does 14 divide 59150?
True
Is 1368030 a multiple of 5?
True
Does 455 divide 187868?
False
Is 8454500 a multiple of 370?
True
Does 45 divide 73412?
False
Is 38 a factor of 206926?
False
Is 1084284 a multiple of 36?
True
Is 69800 a multiple of 10?
True
Does 701 divide 652371?
False
Does 82 divide 800302?
False
Is 212 a factor of 1196136?
False
Is 16 a factor of 3490683?
False
Is 191 a factor of 336461?
False
Is 39 a factor of 190869?
False
Does 24 divide 231581?
False
Does 257 divide 7611826?
True
Is 380 a factor of 263340?
True
Is 47 a factor of 133292?
True
Is 10 a factor of 54925?
False
Is 59 a factor of 1225489?
True
Does 33 divide 41704?
False
Is 10 a factor of 140175?
False
Does 541 divide 8825?
False
Is 29358 a multiple of 13?
False
Does 68 divide 7285934?
False
Is 241387 a multiple of 114?
False
Does 39 divide 1896687?
True
Is 9668935 a multiple of 163?
False
Is 465046 a multiple of 68?
False
Is 10 a factor of 129790?
True
Does 42 divide 12399296?
False
Does 400 divide 7288000?
True
Is 10653395 a multiple of 635?
True
Does 31 divide 21950353?
False
Does 11 divide 5646938?
True
Is 306 a factor of 9180?
True
Is 10 a factor of 30300?
True
Does 149 divide 87910?
True
Is 662040 a multiple of 613?
True
Does 2375 divide 1016072?
False
Is 939 a factor of 6301178?
False
Is 95 a factor of 628418?
False
Is 85 a factor of 512136?
False
Is 8111480 a multiple of 4?
True
Is 40092 a multiple of 241?
False
Is 46 a factor of 1378452?
False
Is 2 a factor of 2417?
False
Is 6 a factor of 7315422?
True
Is 2032 a multiple of 15?
False
Is 11 a factor of 4099337?
True
Does 13 divide 1133062?
False
Is 7672853 a multiple of 160?
False
Is 38417 a multiple of 67?
False
Is 413498 a multiple of 343?
False
Does 83 divide 702844?
True
Does 1458 divide 11819178?
False
Is 369 a factor of 1472689?
False
Is 595184 a multiple of 16?
True
Is 511148 a multiple of 285?
False
Does 319 divide 1489651?
False
Does 56 divide 118776?
True
Is 14 a factor of 1015609?
False
Does 16 divide 85187?
False
Does 238 divide 116620?
True
Is 555520 a multiple of 310?
True
Does 23 divide 3944592?
True
Is 218269 a multiple of 167?
True
Is 297 a factor of 4177899?
True
Is 50 a factor of 180177?
False
Is 12 a factor of 255672?
True
Is 138 a factor of 569801?
False
Does 150 divide 2314950?
True
Does 200 divide 104148?
False
Is 1238666 a multiple of 31?
False
Is 91448 a multiple of 644?
True
Is 16 a factor of 166984?
False
Does 61 divide 63032?
False
Is 1749168 a multiple of 144?
True
Does 307 divide 6225346?
True
Does 97 divide 87785?
True
Is 31 a factor of 244022?
False
Is 20 a factor of 18460?
True
Is 487754 a multiple of 31?
True
Is 90314 a multiple of 16?
False
Does 176 divide 12951136?
True
Does 25 divide 1228200?
True
Is 15 a factor of 1615320?
True
Does 1115 divide 10737794?
False
Does 867 divide 9776501?
False
Does 88 divide 2299880?
True
Does 175 divide 2098372?
False
Is 263568 a multiple of 12?
True
Does 15 divide 6471767?
False
Is 296 a factor of 6393312?
False
Is 116 a factor of 426880?
True
Is 16 a factor of 300544?
True
Is 240768 a multiple of 176?
True
Is 40508 a multiple of 41?
True
Is 727145 a multiple of 214?
False
Does 38 divide 1785924?
True
Is 494 a multiple of 8?
False
Is 1476709 a multiple of 6?
False
Is 22 a factor of 117338?
False
Is 19 a factor of 1551352?
False
Is 84 a factor of 3576804?
True
Does 144 divide 16416?
True
Is 58 a factor of 623950?
False
Is 557 a factor of 4832036?
False
Is 526062 a multiple of 86?
True
Is 5090997 a multiple of 15?
False
Does 8 divide 835577?
False
Does 34 divide 1351058?
True
Is 281 a factor of 1796071?
False
Is 2459996 a multiple of 135?
False
Is 14 a factor of 3219806?
False
Is 63516 a multiple of 158?
True
Is 11 a factor of 282981?
False
Does 192 divide 1015104?
True
Is 515 a factor of 984680?
True
Is 248 a factor of 1037384?
True
Does 9 divide 366277?
False
Is 30 a factor of 1680780?
True
Does 1167 divide 4679721?
False
Is 39001 a multiple of 43?
True
Is 90 a factor of 7406370?
True
Is 14729 a multiple of 35?
False
Does 44 divide 169649?
False
Is 3 a factor of 254960?
False
Does 10 divide 334751?
False
Is 6203349 a multiple of 5?
False
Is 108240 a multiple of 110?
True
Is 135 a factor of 82890?
True
Does 23 divide 188370?
True
Is 27 a factor of 1618434?
True
Is 2244509 a multiple of 5?
False
Does 61 divide 386679?
True
Does 6 divide 525848?
False
Does 91 divide 83720?
True
Is 1070730 a multiple of 90?
True
Does 30 divide 2819160?
True
Does 128 divide 17739847?
False
Is 166 a factor of 78454?
False
Is 216958 a multiple of 4?
False
Does 23 divide 3777384?
False
Is 4 a factor of 17384?
True
Is 90 a factor of 24017040?
True
Is 217 a factor of 217868?
True
Is 29 a factor of 12276?
False
Is 10 a factor of 635503?
False
Is 99 a factor of 78138?
False
Is 739275 a multiple of 3?
True
Is 531696 a multiple of 38?
True
Is 328062 a multiple of 6?
True
Is 272160 a multiple of 81?
True
Is 6 a factor of 50663?
False
Is 51 a factor of 3905325?
True
Is 391770 a multiple of 56?
False
Is 385251 a multiple of 8?
False
Does 14 divide 313013?
False
Is 1432560 a multiple of 40?
True
Is 66 a factor of 15930?
False
Does 160 divide 300640?
True
Is 630300 a multiple of 10?
True
Is 83710 a multiple of 10?
True
Is 87 a factor of 2669671?
False
Is 100411 a multiple of 362?
False
Is 236870 a multiple of 164?
False
Is 22 a factor of 7153781?
False
Is 1669473 a multiple of 3?
True
Is 268426 a multiple of 6?
False
Does 29 divide 301600?
True
Does 18 divide 129222?
True
Is 3 a factor of 36237?
True
Is 242216 a multiple of 68?
True
Does 75 divide 28875?
True
Does 19 divide 10882892?
False
Does 14 divide 33029136?
True
Is 51835 a multiple of 35?
True
Is 156851 a multiple of 800?
False
Is 20 a factor of 78820?
True
Does 312 divide 1178112?
True
Is 13644 a multiple of 17?
False
Is 37133 a multiple of 523?
True
Does 11 divide 19736278?
False
Is 224 a factor of 561568?
True
Is 201399 a multiple of 11?
True
Is 1691403 a multiple of 12?
False
Does 48 divide 108768?
True
Is 32945 even?
False
Does 244 divide 1686528?
True
Is 5459275 a multiple of 354?
False
Is 41 a factor of 141327?
True
Does 54 divide 10841302?
False
Is 795 a factor of 804190?
False
Is 83664 a multiple of 36?
True
Is 149640 a multiple of 15?
True
Is 6620965 a multiple of 13?
True
Is 2497760 a multiple of 670?
True
Does 11 divide 87472?
True
Does 15 divide 44079552?
False
Is 66 a factor of 109890?
True
Does 134 divide 52662?
True
Is 38 a factor of 429286?
True
Is 792984 a multiple of 12?
True
Does 4 divide 176554?
False
Does 90 divide 31692600?
True
Is 15519677 a multiple of 241?
True
Is 97 a factor of 5867002?
False
Is 3950000 a multiple of 158?
True
Is 4 a factor of 158368?
True
Is 23 a factor of 66714?
False
Is 96887 a multiple of 14?
False
Is 40 a factor of 6225304?
False
Does 12 divide 190508?
False
Is 610 a factor of 9249712?
False
Is 9 a factor of 4225860?
True
Does 17 divide 232152?
True
Is 5747120 a multiple of 40?
True
Is 133529 a multiple of 27?
False
Is 218076 a multiple of 17?
True
Is 29 a factor of 9699476?
False
Does 159 divide 2605851?
True
Is 9 a factor of 32706?
True
Does 7 divide 736631?
True
Is 222939 a multiple of 207?
True
Is 101916 a multiple of 57?
True
Does 11 divide 178013?
True
Is 8441729 a multiple of 13?
False
Does 1381 divide 16421471?
True
Does 85 divide 136011?
False
Is 105 a factor of 408030?
True
Is 37 a factor of 100862?
True
Is 46 a factor of 1006664?
True
Does 6 divide 840636?
True
Is 11233 a multiple of 7?
False
Is 858811 a multiple of 1067?
False
Does 165 divide 1903537?
False
Is 3 a factor of 15063?
True
Is 142025 a multiple of 23?
True
Is 36 a factor of 169992?
True
Does 137 divide 1229575?
True
Is 1327140 a multiple of 20?
True
Does 447 divide 3755247?
True
Is 6047716 a multiple of 17?
True
Is 1113746 a multiple of 178?
True
Is 31762 a multiple of 2?
True
Does 294 divide 80172?
False
Does 274 divide 696719?
False
Does 62 divide 392460?
True
Does 13 divide 11268?
False
Is 98966 a multiple of 7?
True
Is 887 a factor of 1817204?
False
Is 28 a factor of 6265070?
False
Is 511 a factor of 1979995?
False
Does 45 divide 92700?
True
Does 11 divide 509784?
True
Does 194 divide 905447?
False
Is 118160 a multiple of 119?
